ltiple of 556?
True
Does 465 divide 2363130?
True
Is 303144 a multiple of 51?
True
Is 4 a factor of 55592?
True
Is 40800 a multiple of 34?
True
Is 26 a factor of 834714?
False
Is 3395210 a multiple of 10?
True
Does 319 divide 718388?
True
Is 2632212 a multiple of 748?
True
Is 19 a factor of 536237?
True
Does 12 divide 37680?
True
Is 238478 a multiple of 43?
True
Is 5 a factor of 1133830?
True
Is 238832 a multiple of 4?
True
Does 4 divide 53200?
True
Is 34140 even?
True
Is 55 a factor of 210320?
True
Is 322680 a multiple of 6?
True
Is 458 a factor of 9569910?
True
Is 7 a factor of 340305?
True
Is 47 a factor of 350902?
True
Is 41 a factor of 92131?
False
Does 36 divide 61820?
False
Does 368 divide 9587943?
False
Is 290604 a multiple of 183?
True
Is 22 a factor of 4047780?
True
Is 296 a factor of 990288?
False
Is 6 a factor of 22070?
False
Is 97 a factor of 2660807?
True
Does 5 divide 31154?
False
Is 3541425 a multiple of 69?
True
Is 15 a factor of 1767270?
True
Is 3029398 a multiple of 38?
True
Is 77 a factor of 176011?
False
Is 69378 a multiple of 93?
True
Does 56 divide 6566840?
True
Is 1215800 a multiple of 4?
True
Is 693068 a multiple of 14?
False
Is 27 a factor of 1891404?
True
Is 109 a factor of 276015?
False
Is 15990 a multiple of 59?
False
Is 375977 a multiple of 23?
False
Is 412 a factor of 119892?
True
Is 14 a factor of 88837?
False
Is 16 a factor of 27632?
True
Is 617 a factor of 1417866?
True
Does 534 divide 17622?
True
Does 351 divide 1556685?
True
Does 31 divide 611924?
False
Is 31 a factor of 11862367?
True
Does 6 divide 880368?
True
Does 18 divide 145049?
False
Does 17 divide 43169?
False
Is 12 a factor of 93564?
True
Is 1425516 a multiple of 456?
False
Is 696 a factor of 1813593?
False
Is 46 a factor of 2933969?
False
Does 117 divide 1204167?
False
Is 5 a factor of 113440?
True
Does 3 divide 28355?
False
Is 1463775 a multiple of 725?
True
Does 23 divide 7263083?
False
Is 4019985 a multiple of 10?
False
Is 77 a factor of 123353?
False
Is 331 a factor of 995979?
True
Does 17 divide 2550?
True
Is 1980806 a multiple of 321?
False
Is 2465070 a multiple of 762?
True
Does 261 divide 415175?
False
Does 347 divide 9774528?
False
Is 6296686 a multiple of 866?
True
Is 24 a factor of 968137?
False
Is 4392825 a multiple of 1583?
True
Does 191 divide 23875?
True
Is 32 a factor of 7266784?
True
Does 166 divide 654834?
False
Is 1342250 a multiple of 1475?
True
Is 684073 a multiple of 13?
True
Is 71 a factor of 25678250?
False
Is 1354573 a multiple of 27?
False
Is 142 a factor of 186446?
True
Is 15 a factor of 7282874?
False
Is 685971 a multiple of 123?
True
Is 2 a factor of 3452?
True
Does 113 divide 807009?
False
Is 280104 a multiple of 117?
False
Is 2368548 a multiple of 52?
True
Is 603720 a multiple of 26?
True
Does 3 divide 53137?
False
Does 17 divide 97223?
True
Does 80 divide 97538?
False
Does 5 divide 308028?
False
Is 1641916 a multiple of 73?
True
Is 9 a factor of 5233540?
False
Does 97 divide 128331?
True
Does 81 divide 197601?
False
Does 13 divide 25736?
False
Is 331 a factor of 562544?
False
Is 50 a factor of 88350?
True
Does 119 divide 207807?
False
Is 172654 a multiple of 226?
False
Is 139 a factor of 170553?
True
Is 1862548 a multiple of 164?
True
Is 265154 a multiple of 44?
False
Does 224 divide 6032992?
True
Is 31694 a multiple of 299?
True
Is 63 a factor of 2346498?
True
Is 167904 a multiple of 22?
True
Is 2463032 a multiple of 19?
False
Is 21910606 a multiple of 175?
False
Is 74088 a multiple of 27?
True
Is 5 a factor of 356950?
True
Does 7 divide 8351494?
False
Is 140 a factor of 267820?
True
Is 92 a factor of 6702200?
True
Is 329 a factor of 477209?
False
Does 9 divide 206397?
True
Does 17 divide 32725?
True
Is 1130 a factor of 11022352?
False
Is 292 a factor of 4522496?
True
Does 427 divide 8233841?
True
Does 53 divide 78175?
True
Is 14 a factor of 338323?
False
Does 6 divide 9006192?
True
Is 483 a factor of 2869986?
True
Is 15 a factor of 4440?
True
Does 13 divide 445849?
False
Does 77 divide 352985?
False
Is 1534092 a multiple of 121?
False
Does 1688 divide 7347665?
False
Does 170 divide 652927?
False
Is 2091320 a multiple of 14?
True
Does 7 divide 24842756?
False
Is 46248 a multiple of 41?
True
Is 1033981 a multiple of 46?
False
Is 75196 a multiple of 22?
True
Is 130307 a multiple of 15?
False
Is 1557 a factor of 6655402?
False
Is 645449 a multiple of 18?
False
Does 1589 divide 29037386?
True
Is 24 a factor of 1132512?
True
Is 136 a factor of 1110712?
True
Is 296551 a multiple of 405?
False
Is 9 a factor of 310264?
False
Does 205 divide 1967045?
False
Is 4373078 a multiple of 1195?
False
Is 530845 a multiple of 7?
True
Is 50 a factor of 1348199?
False
Does 231 divide 706169?
False
Is 211 a factor of 2799055?
False
Is 176 a factor of 153120?
True
Does 77 divide 237006?
True
Is 848 a multiple of 16?
True
Is 229437 a multiple of 9?
True
Is 125 a factor of 116875?
True
Is 182 a factor of 8736?
True
Is 13699858 a multiple of 23?
True
Does 789 divide 1477008?
True
Is 219 a factor of 426360?
False
Does 16 divide 8260?
False
Is 605424 a multiple of 117?
False
Is 4572081 a multiple of 13?
False
Is 253 a factor of 9956116?
False
Is 50 a factor of 204864?
False
Does 322 divide 23184?
True
Does 63 divide 760166?
False
Does 4 divide 143450?
False
Is 612 a factor of 7400916?
True
Is 6613144 a multiple of 1078?
False
Is 201 a factor of 1353258?
False
Is 6989965 a multiple of 2538?
False
Does 18 divide 2947014?
True
Does 36 divide 238143?
False
Is 8 a factor of 193608?
True
Does 30 divide 69390?
True
Is 49843 a multiple of 55?
False
Is 20803 a multiple of 71?
True
Does 153 divide 1659285?
True
Does 687 divide 175185?
True
Does 116 divide 1124968?
True
Does 38 divide 335085?
False
Does 23 divide 355097?
True
Does 12 divide 5815536?
True
Is 192301 a multiple of 159?
False
Is 12498 even?
True
Is 92566 a multiple of 31?
True
Is 291754 a multiple of 17?
True
Does 85 divide 4264450?
True
Does 11 divide 25426?
False
Does 19 divide 130978?
False
Is 38 a factor of 11973749?
False
Is 2296698 a multiple of 32?
False
Does 316 divide 123682?
False
Does 203 divide 989738?
False
Does 24 divide 1167312?
True
Is 1228 a factor of 10339760?
True
Is 26 a factor of 158897?
False
Is 69 a factor of 242355?
False
Is 470603 a multiple of 553?
True
Is 116 a factor of 156734?
False
Is 41 a factor of 1029065?
False
Does 55 divide 1437920?
True
Is 61 a factor of 4074007?
True
Is 226 a factor of 633879?
False
Is 268175 a multiple of 33?
False
Is 2230121 a multiple of 6?
False
Is 52 a factor of 116168?
True
Is 61 a factor of 1703364?
True
Is 34610237 a multiple of 580?
False
Is 82185 a multiple of 121?
False
Is 134 a factor of 2042248?
False
Is 1132747 a multiple of 14?
False
Is 8 a factor of 2577179?
False
Is 29 a factor of 13368275?
True
Does 30 divide 95580?
True
Does 85 divide 420579?
False
Does 1374 divide 1527888?
True
Is 36 a factor of 97616?
False
Is 16874 a multiple of 5?
False
Is 127 a factor of 3847080?
False
Does 646 divide 7664144?
True
Is 237720 a multiple of 140?
True
Does 24 divide 469200?
True
Is 91452 a multiple of 14?
False
Is 13966915 a multiple of 9?
False
Is 2633652 a multiple of 18?
True
Does 166 divide 3447654?
True
Is 810 a factor of 7605090?
True
Is 194880 a multiple of 8?
True
Does 5 divide 58135?
True
Does 63 divide 31336?
False
Is 19516237 a multiple of 24?
False
Is 4769850 a multiple of 21?
False
Is 195928 a multiple of 76?
True
Is 28476 a multiple of 185?
False
Is 269 a factor of 317689?
True
Is 3 a factor of 3575849?
False
Does 68 divide 4483784?
True
Is 268 a factor of 260496?
True
Is 1344680 a multiple of 40?
True
Does 220 divide 1111220?
True
Is 212 a factor of 2461030?
False
Is 121365 a multiple of 15?
True
Is 35 a factor of 385029?
False
Is 404 a factor of 204891?
False
Is 437 a factor of 83065?
False
Does 723 divide 297876?
True
Is 28 a factor of 41916?
True
Is 702 a factor of 30415237?
False
Does 26 divide 543348?
True
Does 27 divide 88485?
False
Is 1084461 a multiple of 137?
False
Is 1444162 a multiple of 4?
False
Is 11 a factor of 4116255?
True
Is 1037416 a multiple of 206?
True
Is 116 a factor of 38257?
False
Is 222 a factor of 867938?
False
Is 43436422 a multiple of 45?
False
Does 13 divide 11778?
True
Is 103 a factor 